[INFO] cloning repository https://github.com/PROMETHIA-27/piecewise
[INFO] running `Command { std: "git" "-c" "credential.helper=" "-c" "credential.helper=/workspace/cargo-home/bin/git-credential-null" "clone" "--bare" "https://github.com/PROMETHIA-27/piecewise" "/workspace/cache/git-repos/https%3A%2F%2Fgithub.com%2FPROMETHIA-27%2Fpiecewise", kill_on_drop: false }`
[INFO] [stderr] Cloning into bare repository '/workspace/cache/git-repos/https%3A%2F%2Fgithub.com%2FPROMETHIA-27%2Fpiecewise'...
[INFO] running `Command { std: "git" "rev-parse" "HEAD", kill_on_drop: false }`
[INFO] [stdout] 69059eaaf9a719ef1d2dad3c2b8b982cb17ec61f
[INFO] checking PROMETHIA-27/piecewise against master#9610dfe5a9a731ced1ea4923ecbd0c57fe367898 for beta-170-4
[INFO] running `Command { std: "git" "clone" "/workspace/cache/git-repos/https%3A%2F%2Fgithub.com%2FPROMETHIA-27%2Fpiecewise" "/workspace/builds/worker-6-tc1/source", kill_on_drop: false }`
[INFO] [stderr] Cloning into '/workspace/builds/worker-6-tc1/source'...
[INFO] [stderr] done.
[INFO] validating manifest of git repo https://github.com/PROMETHIA-27/piecewise on toolchain 9610dfe5a9a731ced1ea4923ecbd0c57fe367898
[INFO] running `Command { std: CARGO_HOME="/workspace/cargo-home" RUSTUP_HOME="/workspace/rustup-home" "/workspace/cargo-home/bin/cargo" "+9610dfe5a9a731ced1ea4923ecbd0c57fe367898" "metadata" "--manifest-path" "Cargo.toml" "--no-deps", kill_on_drop: false }`
[INFO] started tweaking git repo https://github.com/PROMETHIA-27/piecewise
[INFO] finished tweaking git repo https://github.com/PROMETHIA-27/piecewise
[INFO] tweaked toml for git repo https://github.com/PROMETHIA-27/piecewise written to /workspace/builds/worker-6-tc1/source/Cargo.toml
[INFO] crate git repo https://github.com/PROMETHIA-27/piecewise already has a lockfile, it will not be regenerated
[INFO] running `Command { std: CARGO_HOME="/workspace/cargo-home" RUSTUP_HOME="/workspace/rustup-home" "/workspace/cargo-home/bin/cargo" "+9610dfe5a9a731ced1ea4923ecbd0c57fe367898" "fetch" "--manifest-path" "Cargo.toml", kill_on_drop: false }`
[INFO] [stderr] warning: only one of `license` or `license-file` is necessary
[INFO] [stderr] `license` should be used if the package license can be expressed with a standard SPDX expression.
[INFO] [stderr] `license-file` should be used if the package uses a non-standard license.
[INFO] [stderr] See https://doc.rust-lang.org/cargo/reference/manifest.html#the-license-and-license-file-fields for more information.
[INFO] running `Command { std: "docker" "create" "-v" "/var/lib/crater-agent-workspace/builds/worker-6-tc1/target:/opt/rustwide/target:rw,Z" "-v" "/var/lib/crater-agent-workspace/builds/worker-6-tc1/source:/opt/rustwide/workdir:ro,Z" "-v" "/var/lib/crater-agent-workspace/cargo-home:/opt/rustwide/cargo-home:ro,Z" "-v" "/var/lib/crater-agent-workspace/rustup-home:/opt/rustwide/rustup-home:ro,Z" "-e" "SOURCE_DIR=/opt/rustwide/workdir" "-e" "CARGO_TARGET_DIR=/opt/rustwide/target" "-e" "CARGO_HOME=/opt/rustwide/cargo-home" "-e" "RUSTUP_HOME=/opt/rustwide/rustup-home" "-w" "/opt/rustwide/workdir" "-m" "1610612736" "--user" "0:0" "--network" "none" "ghcr.io/rust-lang/crates-build-env/linux@sha256:19e73879b68f455e41552ea35293514db52ea292d993f571636dbffedb77a1ee" "/opt/rustwide/cargo-home/bin/cargo" "+9610dfe5a9a731ced1ea4923ecbd0c57fe367898" "metadata" "--no-deps" "--format-version=1", kill_on_drop: false }`
[INFO] [stdout] b317aceea68d8dfd4ee02725b8d61997de4adac785031affba7857f521f3641a
[INFO] running `Command { std: "docker" "start" "-a" "b317aceea68d8dfd4ee02725b8d61997de4adac785031affba7857f521f3641a", kill_on_drop: false }`
[INFO] running `Command { std: "docker" "inspect" "b317aceea68d8dfd4ee02725b8d61997de4adac785031affba7857f521f3641a", kill_on_drop: false }`
[INFO] running `Command { std: "docker" "rm" "-f" "b317aceea68d8dfd4ee02725b8d61997de4adac785031affba7857f521f3641a", kill_on_drop: false }`
[INFO] [stdout] b317aceea68d8dfd4ee02725b8d61997de4adac785031affba7857f521f3641a
[INFO] running `Command { std: "docker" "create" "-v" "/var/lib/crater-agent-workspace/builds/worker-6-tc1/target:/opt/rustwide/target:rw,Z" "-v" "/var/lib/crater-agent-workspace/builds/worker-6-tc1/source:/opt/rustwide/workdir:ro,Z" "-v" "/var/lib/crater-agent-workspace/cargo-home:/opt/rustwide/cargo-home:ro,Z" "-v" "/var/lib/crater-agent-workspace/rustup-home:/opt/rustwide/rustup-home:ro,Z" "-e" "SOURCE_DIR=/opt/rustwide/workdir" "-e" "CARGO_TARGET_DIR=/opt/rustwide/target" "-e" "CARGO_INCREMENTAL=0" "-e" "RUST_BACKTRACE=full" "-e" "RUSTFLAGS=--cap-lints=forbid" "-e" "RUSTDOCFLAGS=--cap-lints=forbid" "-e" "CARGO_HOME=/opt/rustwide/cargo-home" "-e" "RUSTUP_HOME=/opt/rustwide/rustup-home" "-w" "/opt/rustwide/workdir" "-m" "1610612736" "--user" "0:0" "--network" "none" "ghcr.io/rust-lang/crates-build-env/linux@sha256:19e73879b68f455e41552ea35293514db52ea292d993f571636dbffedb77a1ee" "/opt/rustwide/cargo-home/bin/cargo" "+9610dfe5a9a731ced1ea4923ecbd0c57fe367898" "check" "--frozen" "--all" "--all-targets" "--message-format=json", kill_on_drop: false }`
[INFO] [stdout] 0acd9fd45ab8c237ef95be0b18fd8f3f9f1d26742461888de787f6c4e14f835a
[INFO] running `Command { std: "docker" "start" "-a" "0acd9fd45ab8c237ef95be0b18fd8f3f9f1d26742461888de787f6c4e14f835a", kill_on_drop: false }`
[INFO] [stderr] warning: only one of `license` or `license-file` is necessary
[INFO] [stderr] `license` should be used if the package license can be expressed with a standard SPDX expression.
[INFO] [stderr] `license-file` should be used if the package uses a non-standard license.
[INFO] [stderr] See https://doc.rust-lang.org/cargo/reference/manifest.html#the-license-and-license-file-fields for more information.
[INFO] [stderr]     Checking piecewise v0.1.0 (/opt/rustwide/workdir)
[INFO] [stdout] warning: unused import: `crate::*`
[INFO] [stdout]  --> src/tests.rs:1:5
[INFO] [stdout]   |
[INFO] [stdout] 1 | use crate::*;
[INFO] [stdout]   |     ^^^^^^^^
[INFO] [stdout]   |
[INFO] [stdout] help: consider adding a `#[cfg(test)]` to the containing module
[INFO] [stdout]  --> src/lib.rs:9:1
[INFO] [stdout]   |
[INFO] [stdout] 9 | mod tests;
[INFO] [stdout]   | ^^^^^^^^^^
[INFO] [stdout]   = note: `#[warn(unused_imports)]` on by default
[INFO] [stdout] 
[INFO] [stdout] 
[INFO] [stdout] warning: the feature `generic_associated_types` has been stable since 1.65.0 and no longer requires an attribute to enable
[INFO] [stdout]  --> src/lib.rs:1:53
[INFO] [stdout]   |
[INFO] [stdout] 1 | #![feature(decl_macro, fn_traits, unboxed_closures, generic_associated_types)]
[INFO] [stdout]   |                                                     ^^^^^^^^^^^^^^^^^^^^^^^^
[INFO] [stdout]   |
[INFO] [stdout]   = note: `#[warn(stable_features)]` on by default
[INFO] [stdout] 
[INFO] [stdout] 
[INFO] [stdout] warning: the feature `generic_associated_types` has been stable since 1.65.0 and no longer requires an attribute to enable
[INFO] [stdout]  --> src/lib.rs:1:53
[INFO] [stdout]   |
[INFO] [stdout] 1 | #![feature(decl_macro, fn_traits, unboxed_closures, generic_associated_types)]
[INFO] [stdout]   |                                                     ^^^^^^^^^^^^^^^^^^^^^^^^
[INFO] [stdout]   |
[INFO] [stdout]   = note: `#[warn(stable_features)]` on by default
[INFO] [stdout] 
[INFO] [stdout] 
[INFO] [stdout] error[E0059]: type parameter to bare `Fn` trait must be a tuple
[INFO] [stdout]  --> src/tuple_traits/mod.rs:9:17
[INFO] [stdout]   |
[INFO] [stdout] 9 |     type Fn<R>: Fn<Self, Output = R>;
[INFO] [stdout]   |                 ^^^^^^^^^^^^^^^^^^^^ the trait `std::marker::Tuple` is not implemented for `Self`
[INFO] [stdout]   |
[INFO] [stdout] note: required by a bound in `Fn`
[INFO] [stdout]  --> /rustc/9610dfe5a9a731ced1ea4923ecbd0c57fe367898/library/core/src/ops/function.rs:76:1
[INFO] [stdout] help: consider further restricting `Self`
[INFO] [stdout]   |
[INFO] [stdout] 5 | pub trait Tuple: std::marker::Tuple where Self: Sized {
[INFO] [stdout]   |                ++++++++++++++++++++
[INFO] [stdout] 
[INFO] [stdout] 
[INFO] [stdout] error[E0059]: type parameter to bare `FnOnce` trait must be a tuple
[INFO] [stdout]   --> src/partial_application/mod.rs:12:41
[INFO] [stdout]    |
[INFO] [stdout] 12 | impl<App: NonUnitTuple, Tail: Tuple, R> FnOnce<Tail> for Applied<App, Tail, R> {
[INFO] [stdout]    |                                         ^^^^^^^^^^^^ the trait `std::marker::Tuple` is not implemented for `Tail`
[INFO] [stdout]    |
[INFO] [stdout] note: required by a bound in `FnOnce`
[INFO] [stdout]   --> /rustc/9610dfe5a9a731ced1ea4923ecbd0c57fe367898/library/core/src/ops/function.rs:242:1
[INFO] [stdout] help: consider further restricting this bound
[INFO] [stdout]    |
[INFO] [stdout] 12 | impl<App: NonUnitTuple, Tail: Tuple + std::marker::Tuple, R> FnOnce<Tail> for Applied<App, Tail, R> {
[INFO] [stdout]    |                                     ++++++++++++++++++++
[INFO] [stdout] 
[INFO] [stdout] 
[INFO] [stdout] error[E0277]: functions with the "rust-call" ABI must take a single non-self tuple argument
[INFO] [stdout]   --> src/partial_application/mod.rs:15:5
[INFO] [stdout]    |
[INFO] [stdout] 15 |     extern "rust-call" fn call_once(self, args: Tail) -> Self::Output {
[INFO] [stdout]    |     ^^^^^^^^^^^^^^^^^^^^^^^^^^^^^^^^^^^^^^^^^^^^^^^^^^^^^^^^^^^^^^^^^ the trait `std::marker::Tuple` is not implemented for `Tail`
[INFO] [stdout]    |
[INFO] [stdout] help: consider further restricting this bound
[INFO] [stdout]    |
[INFO] [stdout] 12 | impl<App: NonUnitTuple, Tail: Tuple + std::marker::Tuple, R> FnOnce<Tail> for Applied<App, Tail, R> {
[INFO] [stdout]    |                                     ++++++++++++++++++++
[INFO] [stdout] 
[INFO] [stdout] 
[INFO] [stdout] error: aborting due to 3 previous errors; 2 warnings emitted
[INFO] [stdout] 
[INFO] [stdout] 
[INFO] [stdout] error[E0059]: type parameter to bare `Fn` trait must be a tuple
[INFO] [stdout]  --> src/tuple_traits/mod.rs:9:17
[INFO] [stdout]   |
[INFO] [stdout] 9 |     type Fn<R>: Fn<Self, Output = R>;
[INFO] [stdout]   |                 ^^^^^^^^^^^^^^^^^^^^ the trait `std::marker::Tuple` is not implemented for `Self`
[INFO] [stdout]   |
[INFO] [stdout] note: required by a bound in `Fn`
[INFO] [stdout]  --> /rustc/9610dfe5a9a731ced1ea4923ecbd0c57fe367898/library/core/src/ops/function.rs:76:1
[INFO] [stdout] help: consider further restricting `Self`
[INFO] [stdout]   |
[INFO] [stdout] 5 | pub trait Tuple: std::marker::Tuple where Self: Sized {
[INFO] [stdout]   |                ++++++++++++++++++++
[INFO] [stdout] 
[INFO] [stdout] 
[INFO] [stdout] Some errors have detailed explanations: E0059, E0277.
[INFO] [stdout] 
[INFO] [stdout] For more information about an error, try `rustc --explain E0059`.
[INFO] [stdout] 
[INFO] [stdout] error[E0059]: type parameter to bare `FnOnce` trait must be a tuple
[INFO] [stdout]   --> src/partial_application/mod.rs:12:41
[INFO] [stdout]    |
[INFO] [stdout] 12 | impl<App: NonUnitTuple, Tail: Tuple, R> FnOnce<Tail> for Applied<App, Tail, R> {
[INFO] [stdout]    |                                         ^^^^^^^^^^^^ the trait `std::marker::Tuple` is not implemented for `Tail`
[INFO] [stdout]    |
[INFO] [stdout] note: required by a bound in `FnOnce`
[INFO] [stdout]   --> /rustc/9610dfe5a9a731ced1ea4923ecbd0c57fe367898/library/core/src/ops/function.rs:242:1
[INFO] [stdout] help: consider further restricting this bound
[INFO] [stdout]    |
[INFO] [stdout] 12 | impl<App: NonUnitTuple, Tail: Tuple + std::marker::Tuple, R> FnOnce<Tail> for Applied<App, Tail, R> {
[INFO] [stdout]    |                                     ++++++++++++++++++++
[INFO] [stdout] 
[INFO] [stdout] 
[INFO] [stdout] error[E0277]: functions with the "rust-call" ABI must take a single non-self tuple argument
[INFO] [stdout]   --> src/partial_application/mod.rs:15:5
[INFO] [stdout]    |
[INFO] [stdout] 15 |     extern "rust-call" fn call_once(self, args: Tail) -> Self::Output {
[INFO] [stdout]    |     ^^^^^^^^^^^^^^^^^^^^^^^^^^^^^^^^^^^^^^^^^^^^^^^^^^^^^^^^^^^^^^^^^ the trait `std::marker::Tuple` is not implemented for `Tail`
[INFO] [stdout]    |
[INFO] [stdout] help: consider further restricting this bound
[INFO] [stdout]    |
[INFO] [stdout] 12 | impl<App: NonUnitTuple, Tail: Tuple + std::marker::Tuple, R> FnOnce<Tail> for Applied<App, Tail, R> {
[INFO] [stdout]    |                                     ++++++++++++++++++++
[INFO] [stdout] 
[INFO] [stdout] 
[INFO] [stdout] error: aborting due to 3 previous errors; 1 warning emitted
[INFO] [stdout] 
[INFO] [stdout] 
[INFO] [stdout] Some errors have detailed explanations: E0059, E0277.
[INFO] [stdout] 
[INFO] [stdout] For more information about an error, try `rustc --explain E0059`.
[INFO] [stdout] 
[INFO] [stderr] error: could not compile `piecewise` (lib) due to 4 previous errors; 2 warnings emitted
[INFO] [stderr] warning: build failed, waiting for other jobs to finish...
[INFO] [stderr] error: could not compile `piecewise` (lib test) due to 4 previous errors; 1 warning emitted
[INFO] running `Command { std: "docker" "inspect" "0acd9fd45ab8c237ef95be0b18fd8f3f9f1d26742461888de787f6c4e14f835a", kill_on_drop: false }`
[INFO] running `Command { std: "docker" "rm" "-f" "0acd9fd45ab8c237ef95be0b18fd8f3f9f1d26742461888de787f6c4e14f835a", kill_on_drop: false }`
[INFO] [stdout] 0acd9fd45ab8c237ef95be0b18fd8f3f9f1d26742461888de787f6c4e14f835a
